{"id":1510,"date":"2022-10-30T09:39:19","date_gmt":"2022-10-30T09:39:19","guid":{"rendered":"https:\/\/kazandiranmuzakere.wordpress.com\/?page_id=1510"},"modified":"2022-10-30T09:39:19","modified_gmt":"2022-10-30T09:39:19","slug":"2020nin-ardindan","status":"publish","type":"page","link":"https:\/\/www.kazandiranmuzakere.com\/index.php\/2020nin-ardindan\/","title":{"rendered":"2020&#8217;nin ard\u0131ndan"},"content":{"rendered":"\n<p><mark style=\"background-color:rgba(0, 0, 0, 0);\" class=\"has-inline-color has-black-color\">2020, malum nedenle bir \u00e7ok sekt\u00f6rde pek \u00e7ok \u00e7al\u0131\u015fan i\u00e7in maddi kay\u0131plar\u0131n ve iptallerin ya\u015fand\u0131\u011f\u0131 bir y\u0131l oldu. Ben ge\u00e7ti\u011fimiz y\u0131l ile ilgili olarak m\u0131zm\u0131zlanman\u0131n bizi bir yere g\u00f6t\u00fcrmeyece\u011fini d\u00fc\u015f\u00fcn\u00fcyorum. G\u00fcnd\u00fcz Vassaf hocan\u0131n dedi\u011fi gibi, \u015fikayet edilgenli\u011fi peki\u015ftiriyor, edilgenlik karamsarl\u0131\u011f\u0131, karamsarl\u0131k da depresyonu tetikliyor. Levent Erden hoca ise &#8216;fazla param olsa ne yapard\u0131m&#8217; sorusuna cevaplar\u0131m\u0131z haz\u0131rd\u0131 ama &#8216;fazla zaman\u0131m olsayd\u0131 ne yapard\u0131m&#8217; sorusuna haz\u0131rl\u0131ks\u0131z yakaland\u0131k diyor.<\/mark><\/p>\n\n\n\n<p><mark style=\"background-color:rgba(0, 0, 0, 0);\" class=\"has-inline-color has-black-color\">Ben 2020&#8217;de \u015fehiri\u00e7i ula\u015f\u0131mla kaybetmedi\u011fim zaman\u0131m\u0131 -\u00e7ok iyi de\u011filse de- &#8216;iyi de\u011ferlendirdi\u011fimi&#8217; d\u00fc\u015f\u00fcn\u00fcyorum.<br>&#8211; \u00d6ncelikle, 2020&#8217;de hasta olmad\u0131m! Bu en \u00f6nemlisi.<br>&#8211; Martta online e\u011fitimler vermeye ba\u015flad\u0131m.<br>&#8211; Nisanda bu internet sitesini ba\u015flatt\u0131m <br>&#8211; Temmuzda webinarlar vermeye ba\u015flad\u0131m.<br>&#8211; Ekimde kitab\u0131m yay\u0131nland\u0131.<br>&#8211; Kas\u0131mda yeni kitab\u0131m\u0131 yazmaya ba\u015flad\u0131m.<br>&#8211; Y\u00fcz y\u00fcze verdi\u011fim t\u00fcm e\u011fitimlerimi iki\u015fer saatlik &#8216;webinar&#8217;lara b\u00f6ld\u00fcm.<\/mark><\/p>\n\n\n\n<p><mark style=\"background-color:rgba(0, 0, 0, 0);\" class=\"has-inline-color has-black-color\">&#8216;Acaba ne kadar\u0131n\u0131 yapabilmi\u015fim&#8217; diye geri d\u00f6n\u00fcl\u00fcp pek bak\u0131lmayan -ama her zaman pop\u00fcler- &#8220;New Year&#8217;s Resolutions&#8221; kadar &#8220;Last Year&#8217;s Achievements&#8221; meselesine de bakmakta san\u0131yorum fayda var.<\/mark><\/p>\n\n\n\n<p><mark style=\"background-color:rgba(0, 0, 0, 0);\" class=\"has-inline-color has-black-color\">Sa\u011fl\u0131kl\u0131, mutlu ve ba\u015far\u0131l\u0131 bir y\u0131l dileklerimle. 01.01.2021<\/mark><\/p>\n","protected":false},"excerpt":{"rendered":"<p>2020, malum nedenle bir \u00e7ok sekt\u00f6rde pek \u00e7ok \u00e7al\u0131\u015fan i\u00e7in maddi kay\u0131plar\u0131n ve iptallerin ya\u015fand\u0131\u011f\u0131 bir y\u0131l oldu. Ben ge\u00e7ti\u011fimiz y\u0131l ile ilgili olarak m\u0131zm\u0131zlanman\u0131n bizi bir yere g\u00f6t\u00fcrmeyece\u011fini d\u00fc\u015f\u00fcn\u00fcyorum. G\u00fcnd\u00fcz Vassaf&#8230;<\/p>\n","protected":false},"author":1,"featured_media":0,"parent":0,"menu_order":0,"comment_status":"closed","ping_status":"closed","template":"","meta":[],"_links":{"self":[{"href":"https:\/\/www.kazandiranmuzakere.com\/index.php\/wp-json\/wp\/v2\/pages\/1510"}],"collection":[{"href":"https:\/\/www.kazandiranmuzakere.com\/index.php\/wp-json\/wp\/v2\/pages"}],"about":[{"href":"https:\/\/www.kazandiranmuzakere.com\/index.php\/wp-json\/wp\/v2\/types\/page"}],"author":[{"embeddable":true,"href":"https:\/\/www.kazandiranmuzakere.com\/index.php\/wp-json\/wp\/v2\/users\/1"}],"replies":[{"embeddable":true,"href":"https:\/\/www.kazandiranmuzakere.com\/index.php\/wp-json\/wp\/v2\/comments?post=1510"}],"version-history":[{"count":0,"href":"https:\/\/www.kazandiranmuzakere.com\/index.php\/wp-json\/wp\/v2\/pages\/1510\/revisions"}],"wp:attachment":[{"href":"https:\/\/www.kazandiranmuzakere.com\/index.php\/wp-json\/wp\/v2\/media?parent=1510"}],"curies":[{"name":"wp","href":"https:\/\/api.w.org\/{rel}","templated":true}]}}