{"id":1781,"date":"2023-11-17T15:42:49","date_gmt":"2023-11-17T15:42:49","guid":{"rendered":"http:\/\/www.kazandiranmuzakere.com\/?page_id=1781"},"modified":"2023-11-17T15:42:49","modified_gmt":"2023-11-17T15:42:49","slug":"muzakerelerde-cevaplamak-istemedigimiz-sorular-ile-karsilastigimizda-ne-yapabiliriz","status":"publish","type":"page","link":"https:\/\/www.kazandiranmuzakere.com\/index.php\/muzakerelerde-cevaplamak-istemedigimiz-sorular-ile-karsilastigimizda-ne-yapabiliriz\/","title":{"rendered":"M\u00fczakerelerde cevaplamak istemedi\u011fimiz sorular ile kar\u015f\u0131la\u015ft\u0131\u011f\u0131m\u0131zda ne yapabiliriz?"},"content":{"rendered":"\n<p>&#8220;S\u00fcre isteyip haz\u0131rl\u0131k yapt\u0131ktan sonra cevaplar\u0131z&#8221; demek akla gelebilir. Ancak benim s\u00f6z ettiklerim haz\u0131rl\u0131ks\u0131z oldu\u011funuz de\u011fil, \u201chi\u00e7 cevaplamak istemedi\u011finiz&#8221; sorular.<br>\u00dc\u00e7 alternatif var gibi g\u00f6r\u00fcn\u00fcyor:<br>(1) \u201cD\u00fcr\u00fcst\u00e7e cevaplar\u0131m\u201d:<br>Bu bizi hi\u00e7 istemedi\u011fimiz yerlere g\u00f6t\u00fcrebilir. Bilinmesi bize zarar verecek, hatta anla\u015fmay\u0131 engelleyecek bilgileri payla\u015fmak anlam\u0131na gelebilir.<br>(2) \u201dBunu cevaplamamay\u0131 tercih ederiz derim\u201d:<br>Bu cevap da ili\u015fkiye zarar verebilir. Insanlar genellikle bilgiyi \u201csaklayanlardan\u201d ho\u015flanmazlar ve onlara g\u00fcvenmezler. M\u00fczakerenin havas\u0131n\u0131 so\u011futmu\u015f olman\u0131z da cabas\u0131.<br>(3) \u201cYalan s\u00f6ylerim\u201d:<br>Aldatmak \u00e7ok risklidir. Bizi aldatan insanlardan ho\u015flanmay\u0131z, onlara g\u00fcvenmeyiz ve ayn\u0131 \u015fekilde kar\u015f\u0131l\u0131k vermek isteriz.<br>Hi\u00e7 biri do\u011fru alternatif gibi gelmiyor, de\u011fil mi? Peki sizce cevaplamak istemedi\u011fimiz \/ zor\u00a0sorulara kar\u015f\u0131 ne yapmal\u0131? D\u00f6rd\u00fcnc\u00fc ve uygun bir alternatif ne olabilir?<\/p>\n\n\n\n<p>Biraz \u00f6n \u00e7al\u0131\u015fma ve haz\u0131rl\u0131k gerektiren d\u00f6rd\u00fcnc\u00fc se\u00e7ene\u011fimiz:<br>&#8220;Tatl\u0131l\u0131kla konuyu de\u011fi\u015ftirmek, yani az\u0131c\u0131k sapt\u0131rmak.&#8221;<br>Uygulanmas\u0131 herkes i\u00e7in kolay de\u011fil. Baz\u0131lar\u0131m\u0131zda bu do\u011fal bir yetenek olarak var, onlar\u0131n i\u015fi kolay, ancak dedi\u011fim gibi \u00f6nceden haz\u0131rl\u0131k yapan herkesin becerebilece\u011fi bir \u015fey.<br>\u0130nsanlar bir \u015feyleri saklamaya \u00e7al\u0131\u015fanlar\u0131 de\u011fil, soru soranlar\u0131 daha \u00e7ok seviyorlar. \u00d6yleyse, soruya -konudan fazla kopuk olmayan- bir kar\u015f\u0131 soru ile cevap verebiliriz. Bu her zaman ilk sorunun izini kaybettirmez ama \u00f6zellikle ikili g\u00f6r\u00fc\u015fmelerde faydal\u0131d\u0131r. Yani ilk soruyu soran her zaman geri d\u00f6n\u00fcp sorusunu tekrarlamaz.<br>\u00d6ncelikle, kar\u015f\u0131la\u015fabilece\u011fimiz ve cevap vermek istemedi\u011fimiz sorular\u0131 m\u00fczakere \u00f6ncesi tahmin etmeye \u00e7al\u0131\u015fmal\u0131y\u0131z. Sonra bu sorular\u0131n her birini hangi &#8220;kar\u015f\u0131 sorularla ge\u00e7i\u015ftirece\u011fimize&#8221; karar vermeliyiz ve m\u00fcmk\u00fcnse kendi tak\u0131m arkada\u015flar\u0131m\u0131z aras\u0131nda bu durumun bir provas\u0131n\u0131 yapmal\u0131y\u0131z.<\/p>\n","protected":false},"excerpt":{"rendered":"<p>&#8220;S\u00fcre isteyip haz\u0131rl\u0131k yapt\u0131ktan sonra cevaplar\u0131z&#8221; demek akla gelebilir. Ancak benim s\u00f6z ettiklerim haz\u0131rl\u0131ks\u0131z oldu\u011funuz de\u011fil, \u201chi\u00e7 cevaplamak istemedi\u011finiz&#8221; sorular.\u00dc\u00e7 alternatif var gibi g\u00f6r\u00fcn\u00fcyor:(1) \u201cD\u00fcr\u00fcst\u00e7e cevaplar\u0131m\u201d:Bu bizi hi\u00e7 istemedi\u011fimiz yerlere g\u00f6t\u00fcrebilir. Bilinmesi&#8230;<\/p>\n","protected":false},"author":1,"featured_media":0,"parent":0,"menu_order":0,"comment_status":"closed","ping_status":"closed","template":"","meta":[],"_links":{"self":[{"href":"https:\/\/www.kazandiranmuzakere.com\/index.php\/wp-json\/wp\/v2\/pages\/1781"}],"collection":[{"href":"https:\/\/www.kazandiranmuzakere.com\/index.php\/wp-json\/wp\/v2\/pages"}],"about":[{"href":"https:\/\/www.kazandiranmuzakere.com\/index.php\/wp-json\/wp\/v2\/types\/page"}],"author":[{"embeddable":true,"href":"https:\/\/www.kazandiranmuzakere.com\/index.php\/wp-json\/wp\/v2\/users\/1"}],"replies":[{"embeddable":true,"href":"https:\/\/www.kazandiranmuzakere.com\/index.php\/wp-json\/wp\/v2\/comments?post=1781"}],"version-history":[{"count":1,"href":"https:\/\/www.kazandiranmuzakere.com\/index.php\/wp-json\/wp\/v2\/pages\/1781\/revisions"}],"predecessor-version":[{"id":1782,"href":"https:\/\/www.kazandiranmuzakere.com\/index.php\/wp-json\/wp\/v2\/pages\/1781\/revisions\/1782"}],"wp:attachment":[{"href":"https:\/\/www.kazandiranmuzakere.com\/index.php\/wp-json\/wp\/v2\/media?parent=1781"}],"curies":[{"name":"wp","href":"https:\/\/api.w.org\/{rel}","templated":true}]}}