{"id":252,"date":"2020-04-28T07:27:30","date_gmt":"2020-04-28T07:27:30","guid":{"rendered":"https:\/\/kazandiranmuzakere.wordpress.com\/?page_id=252"},"modified":"2022-11-04T17:36:21","modified_gmt":"2022-11-04T17:36:21","slug":"iletisim","status":"publish","type":"page","link":"https:\/\/www.kazandiranmuzakere.com\/index.php\/iletisim\/","title":{"rendered":"\u0130leti\u015fim"},"content":{"rendered":"\n<p class=\"has-text-align-left\"><strong>Kurumsal e\u011fitimlerimi \u015firketiniz \u00e7al\u0131\u015fanlar\u0131 i\u00e7in (online platformlarda veya y\u00fcz y\u00fcze) almak isterseniz a\u015fa\u011f\u0131daki ileti\u015fim bilgilerini kullanarak bana ula\u015fabilirsiniz. <\/strong><\/p>\n\n\n<div class=\"wp-block-image\">\n<figure class=\"aligncenter size-large is-resized\"><a href=\"https:\/\/www.linkedin.com\/in\/necilbeykont\/?locale=tr_TR\" target=\"_blank\" rel=\"noreferrer noopener\"><img loading=\"lazy\" src=\"http:\/\/www.kazandiranmuzakere.com\/wp-content\/uploads\/2022\/10\/i8-1.jpg?w=51\" alt=\"\" class=\"wp-image-1430\" width=\"67\" height=\"67\"\/><\/a><\/figure><\/div>\n\n\n<p class=\"has-text-align-center\"><mark style=\"background-color:rgba(0, 0, 0, 0)\" class=\"has-inline-color has-black-color\">necil@yahoo.com<\/mark> <\/p>\n\n\n\n<p class=\"has-text-align-center\"><mark style=\"background-color:rgba(0, 0, 0, 0)\" class=\"has-inline-color has-black-color\">(533) 665 21 45<\/mark><\/p>\n\n\n\n<div class=\"wp-container-3 wp-block-columns alignwide has-2-columns\">\n<div class=\"wp-container-1 wp-block-column\"><\/div>\n\n\n\n<div class=\"wp-container-2 wp-block-column\"><\/div>\n<\/div>\n","protected":false},"excerpt":{"rendered":"<p>Kurumsal e\u011fitimlerimi \u015firketiniz \u00e7al\u0131\u015fanlar\u0131 i\u00e7in (online platformlarda veya y\u00fcz y\u00fcze) almak isterseniz a\u015fa\u011f\u0131daki ileti\u015fim bilgilerini kullanarak bana ula\u015fabilirsiniz. necil@yahoo.com (533) 665 21 45<\/p>\n","protected":false},"author":1,"featured_media":0,"parent":0,"menu_order":0,"comment_status":"closed","ping_status":"closed","template":"","meta":[],"_links":{"self":[{"href":"https:\/\/www.kazandiranmuzakere.com\/index.php\/wp-json\/wp\/v2\/pages\/252"}],"collection":[{"href":"https:\/\/www.kazandiranmuzakere.com\/index.php\/wp-json\/wp\/v2\/pages"}],"about":[{"href":"https:\/\/www.kazandiranmuzakere.com\/index.php\/wp-json\/wp\/v2\/types\/page"}],"author":[{"embeddable":true,"href":"https:\/\/www.kazandiranmuzakere.com\/index.php\/wp-json\/wp\/v2\/users\/1"}],"replies":[{"embeddable":true,"href":"https:\/\/www.kazandiranmuzakere.com\/index.php\/wp-json\/wp\/v2\/comments?post=252"}],"version-history":[{"count":9,"href":"https:\/\/www.kazandiranmuzakere.com\/index.php\/wp-json\/wp\/v2\/pages\/252\/revisions"}],"predecessor-version":[{"id":1627,"href":"https:\/\/www.kazandiranmuzakere.com\/index.php\/wp-json\/wp\/v2\/pages\/252\/revisions\/1627"}],"wp:attachment":[{"href":"https:\/\/www.kazandiranmuzakere.com\/index.php\/wp-json\/wp\/v2\/media?parent=252"}],"curies":[{"name":"wp","href":"https:\/\/api.w.org\/{rel}","templated":true}]}}