{"id":312,"date":"2020-04-29T08:37:27","date_gmt":"2020-04-29T08:37:27","guid":{"rendered":"https:\/\/kazandiranmuzakere.wordpress.com\/?page_id=312"},"modified":"2020-04-29T08:37:27","modified_gmt":"2020-04-29T08:37:27","slug":"sunum-teknikleri","status":"publish","type":"page","link":"https:\/\/www.kazandiranmuzakere.com\/index.php\/sunum-teknikleri\/","title":{"rendered":"SUNUM TEKN\u0130KLER\u0130"},"content":{"rendered":"\n<p class=\"has-text-align-left\">(S\u00fcre: 2 g\u00fcn)<br>Bu e\u011fitim program\u0131nda kat\u0131l\u0131mc\u0131lar\u0131n sunumlar ile ilgili bilmeleri ve uygulamalar\u0131 gereken en \u00f6nemli konular ele al\u0131nacakt\u0131r. A\u015fa\u011f\u0131da ba\u015fl\u0131klar\u0131 bulunan konular\u0131n iyi anla\u015f\u0131labilmesi i\u00e7in uygulamalara yer verilerek haz\u0131rl\u0131k, tasar\u0131m ve performans becerilerinin geli\u015fmesi hedeflenmektedir.<br><strong>E\u011fitim Y\u00f6ntemi :<br><\/strong>\u00dczerinde durulacak alt ba\u015fl\u0131klar\u0131n her biri \u00f6rnek video video vakalar\u0131, s\u0131n\u0131f i\u00e7i tart\u0131\u015fmalar ve kat\u0131l\u0131mc\u0131lar\u0131n her birinin sunumlar yap\u0131p geribildirimler alaca\u011f\u0131 s\u0131n\u0131f i\u00e7i uygulamalar, analizler ve de\u011ferlendirmeler ile<br>zihinlerde somutla\u015ft\u0131r\u0131lacakt\u0131r.<br><strong>1. B\u00f6l\u00fcm : Sunum Haz\u0131rl\u0131\u011f\u0131 ve Planlama<\/strong><br>\u0130nsanlar\u0131n \u00f6\u011frenme ve karar alma dinamiklerinden hareketle sunum i\u00e7eriklerinin olu\u015fturulmas\u0131, dinleyicilerin dikkatlerini en ba\u015ftan \u00e7ekip sunum s\u00fcresince kopmadan ilgiyle dinlemeleri, sunumu haz\u0131rlayacak ki\u015filerin, hitap edecekleri kitlenin g\u00f6z\u00fcnden bakabilmeleri bu b\u00f6l\u00fcm\u00fcn ana amac\u0131n\u0131 olu\u015fturuyor.<\/p>\n\n\n\n<p class=\"has-text-align-left\">\u2022 \u0130\u00e7erik Olu\u015fturma,<br>\u2022 Amac\u0131n Belirlenmesi<br>\u2022 Ana ve Destekleyici Fikirlerin Belirlenmesi<br>\u2022 A\u00e7\u0131l\u0131\u015f \/ Toparlama \/ Kapan\u0131\u015f<br>\u2022 Etki Yaratacak Ak\u0131\u015f Olu\u015fturmak<br>\u2022 Hedef Dinleyici Kitlesini Tan\u0131mak<br>\u2022 Dinleyici Sunumunuzu Nas\u0131l Alg\u0131lar<br>\u2022 S\u0131k\u0131c\u0131 Konular\u0131 \u0130lgin\u00e7 Hale Getirmek<br>\u2022 Y\u00f6netici Sunumu \/ Bilimsel Sunum<br>\u2022 Daha Fazla Hat\u0131rlanmak i\u00e7in Neler Yapmal\u0131<br>\u2022 S\u0131ralama \/ Kurgu \/ Ba\u015fl\u0131klama \/ Zamanlama<br>\u2022 \u00d6neri C\u00fcmleleri \/ Destekleyici Unsurlar<\/p>\n\n\n\n<p class=\"has-text-align-left\"><strong>2. B\u00f6l\u00fcm : Sunum Tasar\u0131m\u0131<br><\/strong>\u0130lgi ve dikkat \u00e7ekecek bir sunumun tasarlanmas\u0131 i\u00e7in hangi teknik bilgiler gerekiyor, sunum esnas\u0131nda kullan\u0131lacak yard\u0131mc\u0131 malzemeleri haz\u0131rlarken dikkat edilecek noktalar ve bunlar\u0131n sunumu kolayla\u015ft\u0131rmas\u0131, zenginle\u015ftirmesi, ileti\u015fimi ve izleyicinin alg\u0131s\u0131n\u0131 desteklemesi i\u00e7in yap\u0131lmas\u0131 gerekenleri bu b\u00f6l\u00fcmde ele al\u0131yoruz.<br>\u2022 Do\u011fru Sunum \u015eeklinin Se\u00e7imi<br>\u2022 Sunumun Organizasyonu<br>\u2022 Sunum S\u00fcresinin Belirlenmesi<br>\u2022 Temel Tasar\u0131m \u0130lkeleri<br>\u2022 S\u0131ralama, \u00d6rnekleme, Anektod, Hikaye Anlat\u0131m\u0131, Ge\u00e7i\u015fler<br>\u2022 Do\u011fru Slayt Tipinin Kullan\u0131m\u0131<br>\u2022 G\u00f6rseller ve Videolar ile \u00c7al\u0131\u015fmak<br>\u2022 Sunumda Yaz\u0131l\u0131 Metin Kullan\u0131m\u0131<br>\u2022 Slayt B\u00fct\u00fcnl\u00fc\u011f\u00fc i\u00e7in Gruplama<br>\u2022 Do\u011fru Grafik Se\u00e7imi ve Tasar\u0131m\u0131<\/p>\n\n\n\n<p class=\"has-text-align-left\"><strong>3. B\u00f6l\u00fcm : Sunum Performans\u0131 (Dinleyiciye Aktarma) ve Prova<br><\/strong>Bu b\u00f6l\u00fcmde kat\u0131l\u0131mc\u0131lar\u0131n daha etkili ve g\u00fc\u00e7l\u00fc sunum yapabilmeleri i\u00e7in geli\u015ftirmeleri gereken alanlara odaklan\u0131p s\u0131n\u0131f i\u00e7i uygulamalar ile her kat\u0131l\u0131mc\u0131ya g\u00fc\u00e7l\u00fc ve geli\u015ftirmesi gereken y\u00f6nleri hakk\u0131nda ayr\u0131 ayr\u0131 geribildirimler sa\u011fl\u0131yoruz.<br>\u2022 Kendini Sahneye Haz\u0131rlamak<br>\u2022 Sahne Heyecan\u0131n\u0131 Yenmek<br>\u2022 Dikkat \u00c7ekici A\u00e7\u0131l\u0131\u015f<br>\u2022 Dinleyicinin \u0130lgisini \u00c7ekmenin ve S\u00fcrd\u00fcrmenin ipu\u00e7lar\u0131<br>\u2022 Beden Dili ve G\u00f6z Temas\u0131n\u0131n Etkili Kullan\u0131m\u0131<br>\u2022 Do\u011fru Ses Tonunun Kullan\u0131lmas\u0131 ve Ak\u0131c\u0131 \u0130leti\u015fim<br>\u2022 Dinleyiciler ile Ba\u011flant\u0131 Kurmak<br>\u2022 Sunum Sahnesinde Kendine G\u00fcvenmek<br>\u2022 Sunum Alan\u0131n\u0131n Do\u011fru Kullan\u0131lmas\u0131 ve \u00d6zg\u00fcvenli duru\u015f<br>\u2022 Sunumlarda Mizah \u00d6gelerinin kullan\u0131m\u0131<br>\u2022 Ak\u0131lda kal\u0131c\u0131 ve \u0130kna edici sunu\u015flar i\u00e7in ipu\u00e7lar\u0131<br>\u2022 G\u00fc\u00e7l\u00fc Kapan\u0131\u015f, Eyleme \u00c7a\u011fr\u0131<br>\u2022 Soru-Cevap B\u00f6l\u00fcm\u00fcn\u00fcn Y\u00f6netilmesi<br>\u2022 Zor Durumda B\u0131rakan sorular\u0131 cevaplama, Zor anlar\u0131 y\u00f6netme<br>\u2022 S\u0131k Yap\u0131lan Hatalar ve Ka\u00e7\u0131nma Yollar\u0131<\/p>\n\n\n\n<p><strong>PUBLIC SPEAKING SKILLS<\/strong><\/p>\n\n\n\n<p>A two-day workshop to;<\/p>\n\n\n\n<ul>\n<li>Help become a more dynamic speaker and presenter<\/li>\n\n\n\n<li>Improve presentations skills and improve confidence<\/li>\n\n\n\n<li>Properly structure presentations<\/li>\n\n\n\n<li>Use visual aids, gestures and speaking postures.<\/li>\n\n\n\n<li>Gain techniques to reduce speech anxiety<\/li>\n<\/ul>\n\n\n\n<p><strong>Methodology:<\/strong><\/p>\n\n\n\n<ul>\n<li>Sample video cases (good and bad examples)<\/li>\n\n\n\n<li>Class discussions and analyses &nbsp;<\/li>\n\n\n\n<li>Audience presentations<\/li>\n\n\n\n<li>One-to-one coaching, evaluations, and feedbacks<\/li>\n<\/ul>\n\n\n\n<p><strong><u>PART 1:<\/u> Preparation and planning<\/strong><\/p>\n\n\n\n<ul>\n<li>Generating a catchy content<\/li>\n\n\n\n<li>Composing an effective flow of speech<\/li>\n\n\n\n<li>Determining the main and supporting ideas<\/li>\n\n\n\n<li>Recognizing the audience<\/li>\n\n\n\n<li>Communication fundamentals and connecting to the audience.<\/li>\n<\/ul>\n\n\n\n<p><strong><u>PART 2: <\/u>Designing the presentation<\/strong><\/p>\n\n\n\n<ul>\n<li>Choosing the proper presentation style<\/li>\n\n\n\n<li>Organizing the presentation<\/li>\n\n\n\n<li>Determining the duration<\/li>\n\n\n\n<li>Basic designing principles<\/li>\n\n\n\n<li>Sorting, grouping, transitions<\/li>\n\n\n\n<li>Illustration, anecdote and storytelling<\/li>\n\n\n\n<li>Using the right slide types<\/li>\n\n\n\n<li>Using written materials<\/li>\n\n\n\n<li>Choosing and designing the right charts<\/li>\n\n\n\n<li>Mini workshop on PowerPoint &nbsp;<\/li>\n<\/ul>\n\n\n\n<p><strong><u>PART 3: <\/u>Performance (Delivery) and Rehearsals<\/strong><br>How to deliver presentations with greater confidence, authority and impact. This part includes the participants\u2019 short videotaped presentations, instructor\u2019s one-to-one evaluations and further feedback by group discussions.<\/p>\n\n\n\n<ul>\n<li>Preparation for the stage<\/li>\n\n\n\n<li>Overcoming the stage fright<\/li>\n\n\n\n<li>Opening techniques<\/li>\n\n\n\n<li>Attracting and keeping audience attention<\/li>\n\n\n\n<li>Body movement, effective gestures, voice and eye contacts<\/li>\n<\/ul>\n\n\n\n<ul>\n<li>Engaging with the audience<\/li>\n\n\n\n<li>Establishing self-confidence on stage<\/li>\n\n\n\n<li>Using the stage area effectively<\/li>\n\n\n\n<li>Using humor during public speaking<\/li>\n\n\n\n<li>Tips for catchy and persuasive speeches<\/li>\n\n\n\n<li>Closing techniques and call-to-action<\/li>\n\n\n\n<li>Managing the Q&amp;A session<\/li>\n\n\n\n<li>Handling hostile questions and managing difficult moments<\/li>\n\n\n\n<li>Most common mistakes and how to avoid them<\/li>\n<\/ul>\n","protected":false},"excerpt":{"rendered":"<p>(S\u00fcre: 2 g\u00fcn)Bu e\u011fitim program\u0131nda kat\u0131l\u0131mc\u0131lar\u0131n sunumlar ile ilgili bilmeleri ve uygulamalar\u0131 gereken en \u00f6nemli konular ele al\u0131nacakt\u0131r. A\u015fa\u011f\u0131da ba\u015fl\u0131klar\u0131 bulunan konular\u0131n iyi anla\u015f\u0131labilmesi i\u00e7in uygulamalara yer verilerek haz\u0131rl\u0131k, tasar\u0131m ve performans&#8230;<\/p>\n","protected":false},"author":1,"featured_media":0,"parent":0,"menu_order":0,"comment_status":"closed","ping_status":"closed","template":"","meta":[],"_links":{"self":[{"href":"https:\/\/www.kazandiranmuzakere.com\/index.php\/wp-json\/wp\/v2\/pages\/312"}],"collection":[{"href":"https:\/\/www.kazandiranmuzakere.com\/index.php\/wp-json\/wp\/v2\/pages"}],"about":[{"href":"https:\/\/www.kazandiranmuzakere.com\/index.php\/wp-json\/wp\/v2\/types\/page"}],"author":[{"embeddable":true,"href":"https:\/\/www.kazandiranmuzakere.com\/index.php\/wp-json\/wp\/v2\/users\/1"}],"replies":[{"embeddable":true,"href":"https:\/\/www.kazandiranmuzakere.com\/index.php\/wp-json\/wp\/v2\/comments?post=312"}],"version-history":[{"count":0,"href":"https:\/\/www.kazandiranmuzakere.com\/index.php\/wp-json\/wp\/v2\/pages\/312\/revisions"}],"wp:attachment":[{"href":"https:\/\/www.kazandiranmuzakere.com\/index.php\/wp-json\/wp\/v2\/media?parent=312"}],"curies":[{"name":"wp","href":"https:\/\/api.w.org\/{rel}","templated":true}]}}